{"id":117,"date":"2019-12-15T21:44:16","date_gmt":"2019-12-15T21:44:16","guid":{"rendered":"https:\/\/www.schraders-bilderfabrik.de\/cms\/?page_id=117"},"modified":"2020-01-29T13:13:10","modified_gmt":"2020-01-29T13:13:10","slug":"kaschierung","status":"publish","type":"page","link":"https:\/\/www.schraders-bilderfabrik.de\/cms\/?page_id=117","title":{"rendered":"Kaschierung"},"content":{"rendered":"<h2>Ungerahmt mit Abstand zur Wand<\/h2>\n<h2><img loading=\"lazy\" decoding=\"async\" class=\"alignnone size-medium wp-image-462\" src=\"https:\/\/www.schraders-bilderfabrik.de\/cms\/wp-content\/uploads\/2020\/01\/MG_2314Parviz-300x200.jpg\" alt=\"\" width=\"300\" height=\"200\" srcset=\"https:\/\/www.schraders-bilderfabrik.de\/cms\/wp-content\/uploads\/2020\/01\/MG_2314Parviz-300x200.jpg 300w, https:\/\/www.schraders-bilderfabrik.de\/cms\/wp-content\/uploads\/2020\/01\/MG_2314Parviz-1024x683.jpg 1024w, https:\/\/www.schraders-bilderfabrik.de\/cms\/wp-content\/uploads\/2020\/01\/MG_2314Parviz-768x512.jpg 768w, https:\/\/www.schraders-bilderfabrik.de\/cms\/wp-content\/uploads\/2020\/01\/MG_2314Parviz.jpg 1417w\" sizes=\"auto, (max-width: 300px) 100vw, 300px\" \/><\/h2>\n<p>&nbsp;<\/p>\n<p><img loading=\"lazy\" decoding=\"async\" class=\"alignnone size-medium wp-image-119\" src=\"https:\/\/www.schraders-bilderfabrik.de\/cms\/wp-content\/uploads\/2019\/12\/2-295x300.jpg\" alt=\"\" width=\"295\" height=\"300\" srcset=\"https:\/\/www.schraders-bilderfabrik.de\/cms\/wp-content\/uploads\/2019\/12\/2-295x300.jpg 295w, https:\/\/www.schraders-bilderfabrik.de\/cms\/wp-content\/uploads\/2019\/12\/2.jpg 418w\" sizes=\"auto, (max-width: 295px) 100vw, 295px\" \/><\/p>\n<p class=\"text\">Wir verwenden 3 mm starke Platten mit einer Alu-Beplankung von 0,3 mm. Diese Platten sind leicht und steif; da sie au\u00dferdem lackiert sind, ist die kaschierte Oberfl\u00e4che so glatt wie in keiner anderen Form. Auf der R\u00fcckseite sind zwei Schienen aus Voll-Aluminium angebracht, die eine H\u00e4ngung mittels eines Galeriesystems oder Wandhaken erm\u00f6glichen und den Abstand zur Wand herstellen. Bei manchen Tafelformaten ist es statt dessen angebracht, einen kompletten &#8211; an den Ecken verschraubten &#8211; Tr\u00e4gerrahmen r\u00fcckseitig aufzubringen. Bei gro\u00dfen, schweren Tafeln wird das unverzichtbar.<\/p>\n<p class=\"text\">Die beiden anderen beschriebenen Ausf\u00fchrungen in Alu erhalten die gleichen Aufh\u00e4ngungen. Wir variieren den Abstand je nach der Gr\u00f6\u00dfe der Bildtafel; spezielle W\u00fcnsche teilen Sie uns bitte mit.<\/p>\n<p><img loading=\"lazy\" decoding=\"async\" class=\"alignnone size-medium wp-image-120\" src=\"https:\/\/www.schraders-bilderfabrik.de\/cms\/wp-content\/uploads\/2019\/12\/5-300x200.jpg\" alt=\"\" width=\"300\" height=\"200\" srcset=\"https:\/\/www.schraders-bilderfabrik.de\/cms\/wp-content\/uploads\/2019\/12\/5-300x200.jpg 300w, https:\/\/www.schraders-bilderfabrik.de\/cms\/wp-content\/uploads\/2019\/12\/5.jpg 531w\" sizes=\"auto, (max-width: 300px) 100vw, 300px\" \/> <img loading=\"lazy\" decoding=\"async\" class=\"alignnone size-medium wp-image-122\" src=\"https:\/\/www.schraders-bilderfabrik.de\/cms\/wp-content\/uploads\/2019\/12\/4-300x200.jpg\" alt=\"\" width=\"300\" height=\"200\" srcset=\"https:\/\/www.schraders-bilderfabrik.de\/cms\/wp-content\/uploads\/2019\/12\/4-300x200.jpg 300w, https:\/\/www.schraders-bilderfabrik.de\/cms\/wp-content\/uploads\/2019\/12\/4.jpg 531w\" sizes=\"auto, (max-width: 300px) 100vw, 300px\" \/><\/p>\n<p class=\"text\">Die dritte M\u00f6glichkeit besteht in der Verwendung von Kunststoffplatten als Tr\u00e4ger, vor allem im Interesse geringerer Kosten.<\/p>\n<p class=\"text\"><img loading=\"lazy\" decoding=\"async\" class=\"alignnone size-medium wp-image-123\" src=\"https:\/\/www.schraders-bilderfabrik.de\/cms\/wp-content\/uploads\/2019\/12\/6-273x300.jpg\" alt=\"\" width=\"273\" height=\"300\" srcset=\"https:\/\/www.schraders-bilderfabrik.de\/cms\/wp-content\/uploads\/2019\/12\/6-273x300.jpg 273w, https:\/\/www.schraders-bilderfabrik.de\/cms\/wp-content\/uploads\/2019\/12\/6.jpg 309w\" sizes=\"auto, (max-width: 273px) 100vw, 273px\" \/><\/p>\n<p class=\"text\">Wir verwenden Platten aus PVC-Integralschaum in je nach Bildgr\u00f6\u00dfe unterschiedlichen St\u00e4rken (4 &#8211; 8 mm); diese sind in sich dichter und vor allem glatter als die \u00fcblichen Hartschaumplatten aus dem gleichen Rohmaterial.<\/p>\n<p><img loading=\"lazy\" decoding=\"async\" class=\"alignnone size-medium wp-image-124\" src=\"https:\/\/www.schraders-bilderfabrik.de\/cms\/wp-content\/uploads\/2019\/12\/7-300x200.jpg\" alt=\"\" width=\"300\" height=\"200\" srcset=\"https:\/\/www.schraders-bilderfabrik.de\/cms\/wp-content\/uploads\/2019\/12\/7-300x200.jpg 300w, https:\/\/www.schraders-bilderfabrik.de\/cms\/wp-content\/uploads\/2019\/12\/7.jpg 425w\" sizes=\"auto, (max-width: 300px) 100vw, 300px\" \/><\/p>\n","protected":false},"excerpt":{"rendered":"<p>Ungerahmt mit Abstand zur Wand &nbsp; Wir verwenden 3 mm starke Platten mit einer Alu-Beplankung von 0,3 mm. Diese Platten sind leicht und steif; da sie au\u00dferdem lackiert sind, ist die kaschierte Oberfl\u00e4che so glatt wie in keiner anderen Form. Auf der R\u00fcckseite sind zwei Schienen aus Voll-Aluminium angebracht, die eine H\u00e4ngung mittels eines Galeriesystems &hellip; <\/p>\n<p class=\"link-more\"><a href=\"https:\/\/www.schraders-bilderfabrik.de\/cms\/?page_id=117\" class=\"more-link\"><span class=\"screen-reader-text\">\u201eKaschierung\u201c <\/span>weiterlesen<\/a><\/p>\n","protected":false},"author":1,"featured_media":0,"parent":0,"menu_order":0,"comment_status":"closed","ping_status":"closed","template":"","meta":{"ngg_post_thumbnail":0,"footnotes":""},"class_list":["post-117","page","type-page","status-publish","hentry"],"jetpack_sharing_enabled":true,"jetpack_likes_enabled":false,"_links":{"self":[{"href":"https:\/\/www.schraders-bilderfabrik.de\/cms\/index.php?rest_route=\/wp\/v2\/pages\/117","targetHints":{"allow":["GET"]}}],"collection":[{"href":"https:\/\/www.schraders-bilderfabrik.de\/cms\/index.php?rest_route=\/wp\/v2\/pages"}],"about":[{"href":"https:\/\/www.schraders-bilderfabrik.de\/cms\/index.php?rest_route=\/wp\/v2\/types\/page"}],"author":[{"embeddable":true,"href":"https:\/\/www.schraders-bilderfabrik.de\/cms\/index.php?rest_route=\/wp\/v2\/users\/1"}],"replies":[{"embeddable":true,"href":"https:\/\/www.schraders-bilderfabrik.de\/cms\/index.php?rest_route=%2Fwp%2Fv2%2Fcomments&post=117"}],"version-history":[{"count":8,"href":"https:\/\/www.schraders-bilderfabrik.de\/cms\/index.php?rest_route=\/wp\/v2\/pages\/117\/revisions"}],"predecessor-version":[{"id":464,"href":"https:\/\/www.schraders-bilderfabrik.de\/cms\/index.php?rest_route=\/wp\/v2\/pages\/117\/revisions\/464"}],"wp:attachment":[{"href":"https:\/\/www.schraders-bilderfabrik.de\/cms\/index.php?rest_route=%2Fwp%2Fv2%2Fmedia&parent=117"}],"curies":[{"name":"wp","href":"https:\/\/api.w.org\/{rel}","templated":true}]}}

<h2>Ungerahmt mit Abstand zur Wand</h2>
<h2><img loading="lazy" decoding="async" class="alignnone size-medium wp-image-462" src="https://www.schraders-bilderfabrik.de/cms/wp-content/uploads/2020/01/MG_2314Parviz-300x200.jpg" alt="" width="300" height="200" srcset="https://www.schraders-bilderfabrik.de/cms/wp-content/uploads/2020/01/MG_2314Parviz-300x200.jpg 300w, https://www.schraders-bilderfabrik.de/cms/wp-content/uploads/2020/01/MG_2314Parviz-1024x683.jpg 1024w, https://www.schraders-bilderfabrik.de/cms/wp-content/uploads/2020/01/MG_2314Parviz-768x512.jpg 768w, https://www.schraders-bilderfabrik.de/cms/wp-content/uploads/2020/01/MG_2314Parviz.jpg 1417w" sizes="auto, (max-width: 300px) 100vw, 300px" /></h2>
<p>&nbsp;</p>
<p><img loading="lazy" decoding="async" class="alignnone size-medium wp-image-119" src="https://www.schraders-bilderfabrik.de/cms/wp-content/uploads/2019/12/2-295x300.jpg" alt="" width="295" height="300" srcset="https://www.schraders-bilderfabrik.de/cms/wp-content/uploads/2019/12/2-295x300.jpg 295w, https://www.schraders-bilderfabrik.de/cms/wp-content/uploads/2019/12/2.jpg 418w" sizes="auto, (max-width: 295px) 100vw, 295px" /></p>
<p class="text">Wir verwenden 3 mm starke Platten mit einer Alu-Beplankung von 0,3 mm. Diese Platten sind leicht und steif; da sie außerdem lackiert sind, ist die kaschierte Oberfläche so glatt wie in keiner anderen Form. Auf der Rückseite sind zwei Schienen aus Voll-Aluminium angebracht, die eine Hängung mittels eines Galeriesystems oder Wandhaken ermöglichen und den Abstand zur Wand herstellen. Bei manchen Tafelformaten ist es statt dessen angebracht, einen kompletten &#8211; an den Ecken verschraubten &#8211; Trägerrahmen rückseitig aufzubringen. Bei großen, schweren Tafeln wird das unverzichtbar.</p>
<p class="text">Die beiden anderen beschriebenen Ausführungen in Alu erhalten die gleichen Aufhängungen. Wir variieren den Abstand je nach der Größe der Bildtafel; spezielle Wünsche teilen Sie uns bitte mit.</p>
<p><img loading="lazy" decoding="async" class="alignnone size-medium wp-image-120" src="https://www.schraders-bilderfabrik.de/cms/wp-content/uploads/2019/12/5-300x200.jpg" alt="" width="300" height="200" srcset="https://www.schraders-bilderfabrik.de/cms/wp-content/uploads/2019/12/5-300x200.jpg 300w, https://www.schraders-bilderfabrik.de/cms/wp-content/uploads/2019/12/5.jpg 531w" sizes="auto, (max-width: 300px) 100vw, 300px" /> <img loading="lazy" decoding="async" class="alignnone size-medium wp-image-122" src="https://www.schraders-bilderfabrik.de/cms/wp-content/uploads/2019/12/4-300x200.jpg" alt="" width="300" height="200" srcset="https://www.schraders-bilderfabrik.de/cms/wp-content/uploads/2019/12/4-300x200.jpg 300w, https://www.schraders-bilderfabrik.de/cms/wp-content/uploads/2019/12/4.jpg 531w" sizes="auto, (max-width: 300px) 100vw, 300px" /></p>
<p class="text">Die dritte Möglichkeit besteht in der Verwendung von Kunststoffplatten als Träger, vor allem im Interesse geringerer Kosten.</p>
<p class="text"><img loading="lazy" decoding="async" class="alignnone size-medium wp-image-123" src="https://www.schraders-bilderfabrik.de/cms/wp-content/uploads/2019/12/6-273x300.jpg" alt="" width="273" height="300" srcset="https://www.schraders-bilderfabrik.de/cms/wp-content/uploads/2019/12/6-273x300.jpg 273w, https://www.schraders-bilderfabrik.de/cms/wp-content/uploads/2019/12/6.jpg 309w" sizes="auto, (max-width: 273px) 100vw, 273px" /></p>
<p class="text">Wir verwenden Platten aus PVC-Integralschaum in je nach Bildgröße unterschiedlichen Stärken (4 &#8211; 8 mm); diese sind in sich dichter und vor allem glatter als die üblichen Hartschaumplatten aus dem gleichen Rohmaterial.</p>
<p><img loading="lazy" decoding="async" class="alignnone size-medium wp-image-124" src="https://www.schraders-bilderfabrik.de/cms/wp-content/uploads/2019/12/7-300x200.jpg" alt="" width="300" height="200" srcset="https://www.schraders-bilderfabrik.de/cms/wp-content/uploads/2019/12/7-300x200.jpg 300w, https://www.schraders-bilderfabrik.de/cms/wp-content/uploads/2019/12/7.jpg 425w" sizes="auto, (max-width: 300px) 100vw, 300px" /></p>

<p>Ungerahmt mit Abstand zur Wand &nbsp; Wir verwenden 3 mm starke Platten mit einer Alu-Beplankung von 0,3 mm. Diese Platten sind leicht und steif; da sie außerdem lackiert sind, ist die kaschierte Oberfläche so glatt wie in keiner anderen Form. Auf der Rückseite sind zwei Schienen aus Voll-Aluminium angebracht, die eine Hängung mittels eines Galeriesystems &hellip; </p>
<p class="link-more"><a href="https://www.schraders-bilderfabrik.de/cms/?page_id=117" class="more-link"><span class="screen-reader-text">„Kaschierung“ </span>weiterlesen</a></p>
